
List the prime factors of 203569404.
2, 3, 311, 54547
List the prime factors of 620983947.
3, 206994649
What are the prime factors of 7340630?
2, 5, 11, 66733
What are the prime factors of 776403760?
2, 5, 11, 80207
What are the prime factors of 32928306?
2, 3, 79, 127, 547
List the prime factors of 33671217.
3, 683, 16433
List the prime factors of 1794854563.
571, 3143353
List the prime factors of 387312315.
3, 5, 13, 1986217
What are the prime factors of 360794243?
4049, 89107
What are the prime factors of 92509437?
3, 383, 80513
List the prime factors of 2113057202.
2, 61, 17320141
What are the prime factors of 1081605002?
2, 540802501
List the prime factors of 8636181220.
2, 5, 17, 23, 167, 389
What are the prime factors of 2126767613?
2126767613
What are the prime factors of 78223211?
11, 163, 43627
What are the prime factors of 593944619?
593944619
What are the prime factors of 4196646258?
2, 3, 7, 719, 19853
What are the prime factors of 96856332?
2, 3, 389, 20749
List the prime factors of 29957585.
5, 7, 19, 2371
What are the prime factors of 1393291?
353, 3947
List the prime factors of 1592399801.
1592399801
What are the prime factors of 76571661?
3, 107, 263, 907
List the prime factors of 157729450.
2, 5, 19, 166031
List the prime factors of 61121936.
2, 17, 19, 11827
List the prime factors of 467198205.
3, 5, 1229, 25343
List the prime factors of 809709453.
3, 7, 19, 75161
List the prime factors of 310199366.
2, 155099683
What are the prime factors of 25509262?
2, 12754631
List the prime factors of 1857751734.
2, 3, 309625289
What are the prime factors of 110807947?
43, 313, 8233
What are the prime factors of 44317530?
2, 3, 5, 54713
List the prime factors of 57347633.
7, 167, 49057
What are the prime factors of 4534539087?
3, 13, 5011, 23203
What are the prime factors of 149885038?
2, 761, 98479
List the prime factors of 8309287358.
2, 37, 112287667
What are the prime factors of 6558598?
2, 61, 53759
What are the prime factors of 864505740?
2, 3, 5, 7, 37, 55631
What are the prime factors of 36757131?
3, 43, 83, 3433
List the prime factors of 1111167985.
5, 113, 1966669
What are the prime factors of 569942?
2, 17, 16763
What are the prime factors of 87340315?
5, 23, 29, 26189
List the prime factors of 302286100.
2, 5, 3022861
What are the prime factors of 112047918?
2, 3, 17, 1098509
List the prime factors of 133165521.
3, 53, 279173
What are the prime factors of 1841673415?
5, 53, 6949711
List the prime factors of 268911474.
2, 3, 13, 17, 202799
What are the prime factors of 1369550184?
2, 3, 57064591
List the prime factors of 215108490.
2, 3, 5, 509, 14087
What are the prime factors of 108755164?
2, 7, 19, 204427
What are the prime factors of 41963063?
23, 1824481
List the prime factors of 34049449.
7, 4864207
List the prime factors of 17029322.
2, 29, 47, 6247
List the prime factors of 16195017.
3, 5398339
What are the prime factors of 81214496?
2, 11, 47, 4909
List the prime factors of 1858279754.
2, 929139877
What are the prime factors of 85175090?
2, 5, 7, 11, 13, 67, 127
List the prime factors of 147684394.
2, 11, 13, 53, 9743
List the prime factors of 258885510.
2, 3, 5, 13, 59, 11251
List the prime factors of 90530933.
17, 5325349
List the prime factors of 5133054247.
5133054247
List the prime factors of 10414248.
2, 3, 13, 29, 1151
List the prime factors of 72465589.
7, 10352227
List the prime factors of 483316528.
2, 17, 19, 41, 2281
List the prime factors of 1502327400.
2, 3, 5, 7, 17, 53, 397
List the prime factors of 362825107.
4973, 72959
List the prime factors of 81891606.
2, 3, 2927, 4663
List the prime factors of 158818187.
11, 1312547
List the prime factors of 801676886.
2, 400838443
List the prime factors of 39887959.
53, 752603
What are the prime factors of 64620300?
2, 3, 5, 47, 4583
List the prime factors of 3316529460.
2, 3, 5, 55275491
What are the prime factors of 1190670337?
1190670337
List the prime factors of 909620550.
2, 3, 5, 673793
List the prime factors of 3787276029.
3, 2477, 509659
What are the prime factors of 459986710?
2, 5, 89, 516839
List the prime factors of 1637415270.
2, 3, 5, 641, 9461
List the prime factors of 1231445025.
3, 5, 101, 223
What are the prime factors of 223649727?
3, 7, 10649987
List the prime factors of 1238609848.
2, 7, 19, 166301
List the prime factors of 60836330.
2, 5, 47, 129439
What are the prime factors of 707783840?
2, 5, 4423649
List the prime factors of 4178617371.
3, 1381, 336199
List the prime factors of 52542216.
2, 3, 43, 5657
List the prime factors of 64545278.
2, 7, 4610377
List the prime factors of 1111911693.
3, 1373, 269947
What are the prime factors of 858605719?
859, 999541
What are the prime factors of 3855770076?
2, 3, 643, 499711
List the prime factors of 1515722940.
2, 3, 5, 389, 21647
What are the prime factors of 97612931?
13, 953, 7879
List the prime factors of 2527570867.
2527570867
List the prime factors of 110084788.
2, 11, 293, 8539
List the prime factors of 4865196351.
3, 1621732117
List the prime factors of 241827325.
5, 9673093
What are the prime factors of 1820331977?
1820331977
List the prime factors of 574670789.
7, 11, 19, 392803
List the prime factors of 332188158.
2, 3, 43, 1287551
List the prime factors of 146788281.
3, 19, 31793
List the prime factors of 61658346.
2, 3, 1777, 5783
What are the prime factors of 8329897?
131, 63587
List the prime factors of 1467756974.
2, 733878487
List the prime factors of 11748052.
2, 2937013
What are the prime factors of 3634458995?
5, 61, 11916259
List the prime factors of 93492253.
93492253
List the prime factors of 206552783.
31, 6662993
List the prime factors of 2269811617.
4673, 485729
List the prime factors of 14458094.
2, 7, 1032721
What are the prime factors of 3143255373?
3, 349250597
List the prime factors of 42755011.
13, 3288847
List the prime factors of 1362963830.
2, 5, 136296383
List the prime factors of 244586912.
2, 643, 11887
List the prime factors of 877428979.
7, 191, 656267
What are the prime factors of 64978557?
3, 7, 442031
List the prime factors of 4412930198.
2, 61, 36171559
List the prime factors of 35270425.
5, 239, 5903
List the prime factors of 726377633.
726377633
List the prime factors of 430255274.
2, 215127637
What are the prime factors of 88254463?
11, 17, 471949
List the prime factors of 198068680.
2, 5, 149, 167, 199
List the prime factors of 4015862519.
17, 236227207
What are the prime factors of 303001177?
37, 43, 103
List the prime factors of 558810594.
2, 3, 59, 197, 2671
List the prime factors of 22605756.
2, 3, 709, 2657
What are the prime factors of 208909512?
2, 3, 7, 414503
List the prime factors of 513225496.
2, 7, 23, 398467
List the prime factors of 33654690.
2, 3, 5, 41549
List the prime factors of 270770725.
5, 10830829
What are the prime factors of 150097827?
3, 11, 4548419
What are the prime factors of 1038484862?
2, 19, 53, 61, 79, 107
List the prime factors of 101564840.
2, 5, 13, 173, 1129
List the prime factors of 242009976.
2, 3, 13, 59, 13147
List the prime factors of 4640046362.
2, 7, 5573, 59471
What are the prime factors of 79327614?
2, 3, 13221269
What are the prime factors of 124697815?
5, 11, 47, 48239
List the prime factors of 231794347.
31, 1103, 6779
What are the prime factors of 247840191?
3, 167, 269, 613
What are the prime factors of 1919259483?
3, 19, 3037, 11087
What are the prime factors of 2043486136?
2, 101, 379, 6673
What are the prime factors of 161431282?
2, 103, 783647
List the prime factors of 899237533.
899237533
What are the prime factors of 87834714?
2, 3, 11, 131, 10159
List the prime factors of 839130608.
2, 17, 3085039
List the prime factors of 2279376190.
2, 5, 7, 13, 71, 35279
List the prime factors of 681509510.
2, 5, 11, 53, 10627
List the prime factors of 353835818.
2, 7, 23, 73, 15053
What are the prime factors of 842018637?
3, 280672879
What are the prime factors of 4137864431?
109, 331, 114689
List the prime factors of 74764700.
2, 5, 747647
What are the prime factors of 291104524?
2, 2437, 29863
What are the prime factors of 78462223?
7, 23, 47, 10369
List the prime factors of 2430384922.
2, 7, 173598923
What are the prime factors of 6325652?
2, 1581413
List the prime factors of 2623478308.
2, 11,